(f) - 4*o(f). What is s(l)?
0
Let j be 132/(-55)*(-5)/2. Let v(z) = 0 - 3 + j + z. Give v(-7).
-4
Let q(s) = 2*s - 2. Let o(c) = c**2 - 4*c - 5. Let m be o(-2). Let u be (0 - -1)/(m/14). Calculate q(u).
2
Let a(i) = i**3 + i**2 - i. Let j(m) = 7*m**3 + 2*m**2 - 10*m + 3. Let k(d) = -6*a(d) + j(d). Give k(5).
8
Let z(h) = 2*h**2 + 2 + 1 + 4*h + 0*h**2. Let y = -3 - -1. Let x be 4*1/4*y. What is z(x)?
3
Let q(f) = f**2 + 6*f + 3. Let c = 11 + -5. Let o be (c/(-5))/(2/10). Give q(o).
3
Let q(d) be the first derivative of 10*d - 1/2*d**2 + 2. Give q(6).
4
Let f(a) = -a - 1 + a - 301*a**2 + 309*a**2. Determine f(-1).
7
Let k(r) = -5*r. Suppose -o - 6*v = -2*v - 11, 2*o - 4 = v. Suppose -o*p - 5 = 1. What is k(p)?
10
Let d(s) = -s**2 - s - 5. Let m(f) = 2*f**2 + 2*f + 11. Let z(v) = 9*d(v) + 4*m(v). Give z(-4).
-13
Let y(u) = u**2 - 5*u - 5. Let k(t) = 2*t - 3. Let q = 10 + -6. Let w be k(q). Calculate y(w).
-5
Let f(r) = r + 12. Suppose 2*i = 3*l - 6*l - 28, 3*l - 2*i = -8. What is f(l)?
6
Suppose 0*l - b + 11 = 2*l, -4*l - b = -21. Suppose -3*x = -1 - 5. Let f(p) = -3 + x*p + 2*p**2 - p**2 - 5*p. Calculate f(l).
7
Let i(v) = -3*v**2 + 2*v**2 + 0 + 2 + 3*v. Suppose u - 5 = -3. What is i(u)?
4
Let o(z) be the first derivative of z**2 + 4*z - 2 + 1/3*z**3. Calculate o(-3).
7
Let m(a) = -a**2 + a. Suppose -26 = -4*g - 6. Suppose -10*v = -g*v. What is m(v)?
0
Suppose -6*d = -2*d + 28. Let t = -5 - d. Let b(l) = l - l + 4 + t*l. Calculate b(-5).
-6
Let o(w) = -4*w - 2 - 6 + 11 - 4. Calculate o(-3).
11
Let v(s) be the first derivative of -3*s**2 + 3 - 1/3*s**3 - s. Calculate v(-6).
-1
Let l(o) = 4*o**2 - 2*o + 1. Let n = 11 + -14. Let m be 2 + 3/(n/1). What is l(m)?
3
Suppose -2*o + 3 + 1 = 0. Let n(l) = l**3 - 5*l**2 + l - 5. Let r be n(5). Let c(p) = r - 5*p + 1 + 0*p**o + p**2. Give c(3).
-5
Let k(j) = -j**2 + 3*j - 3. Let b be (6 - -3)/(1/1). Let h(d) = d**3 - 10*d**2 + 9*d + 2. Let z be h(b). Suppose -2*y + z + 2 = 0. Determine k(y).
-1
Let z(p) = 9*p**2 - 1. Let m be ((-4)/2)/(4 + -2). Let k be 2*3/(-6)*2. Let w = m - k. What is z(w)?
8
Let y(n) = -3*n - 1. Let z(i) = -8*i - 4. Let j(a) = 14*y(a) - 5*z(a). What is j(5)?
-4
Let v be (-21)/27 + 2/(-9). Let s be (-4)/((-6)/3 - v). Let a(w) = -6*w**3 + 1 - s*w**2 - 2*w**3 + 2*w**2. Determine a(-1).
7
Let m(n) = -n**2 + 4*n - 2. Suppose 177 - 33 = 6*b. Suppose 5*d - b = -4. Determine m(d).
-2
Let f be (4 + -5)/(1/(-3)). Suppose 6 = f*q + p + 4, 5*q - 5 = -2*p. Let s(t) = t**3 + 2*t**2 + 2*t + 1. What is s(q)?
0
Suppose -u + 9 = 7. Let y(s) = 3*s**2 + s + 1 + 6 + 3*s**u + s**3. Calculate y(-6).
1
Let d(o) = o**3 - o**2 + o + 5. Let z = 84 - 84. Give d(z).
5
Suppose 5*h - 16 + 1 = 0. Let v be 0/((-2 - -5)/h). Let f(u) = 5 + v + 2*u - 3*u. What is f(4)?
1
Let b(u) = u + 6. Let o be ((-9)/6)/((-1)/(-2)). Let t be 3*((-2)/(-2))/1. Let g = t + o. What is b(g)?
6
Let g(c) be the first derivative of -c**3/3 - 3*c**2 - 6*c + 24. Give g(-6).
-6
Let z(h) = -h**2 + 9*h - 7. Suppose -4*c - 3*y + 30 = 0, c - 3*y = 2*y - 4. Calculate z(c).
11
Let f be -3 - (-1 + 0) - 2. Let l(h) = 0*h - 3*h + 2*h. Give l(f).
4
Let n = 36 + -37. Let y(h) = 5*h**2 + 3*h + 2. Give y(n).
4
Let j(i) = 3*i**2 - 2*i + 2. Let q be j(2). Suppose -5*g = 5 + q. Let c(u) be the first derivative of u**4/4 + 4*u**3/3 + u**2/2 - u - 3. What is c(g)?
5
Let v(f) = 6*f**3 - 9*f**2 + 3*f. Let x(m) = -9*m**3 + 14*m**2 - 5*m. Let b(k) = -8*v(k) - 5*x(k). Calculate b(-1).
4
Let i(c) be the first derivative of -c**3/3 - 3*c**2 - 4*c + 6. Calculate i(-4).
4
Let s(r) = 2*r + 1. Let k(y) = 7*y + 5. Let j(o) = -2*k(o) + 9*s(o). Let p(h) = -h**3 + 4*h**2 - h + 3. Let a be p(4). What is j(a)?
-5
Let k be (-90)/(-18) + (-4 - -1). Let b(q) = q + 3*q**2 - 5*q - 1 + 0*q + 3. Determine b(k).
6
Let m(s) = s**2 + s. Let w(c) = c**3 - 3*c**2 + 5*c - 13. Let k be w(3). Calculate m(k).
6
Let k = -1 - 0. Let x(w) = -2*w - 6. Let m(a) = a**3 - a**2 - a. Let u(s) = k*m(s) + x(s). What is u(0)?
-6
Let p be (-2 + 5 - -3) + -2. Let a(q) = -q**2 + 2*q + 2. Give a(p).
-6
Let u be (-2)/(-6) + (-115)/(-15). Let f be (38/(-8))/((-1)/u). Let b be 6/(-27) + f/9. Let y(p) = -2*p + 5. Give y(b).
-3
Let d(m) = 7*m + 6 - 8*m**2 - 6*m - m**3 - 7*m. What is d(-7)?
-1
Suppose 3*m - 6*m = -27. Let d(q) = -2*q + 11. Calculate d(m).
-7
Let k(f) = -2 + 6 + 0*f + f. Let o = 4 - 4. Suppose 0 = -o*b - 3*b. Give k(b).
4
Let m(k) = 0*k**2 + 5 + 1 + k**2 - 3*k - 2. Let t be m(3). Suppose t + 0 = y. Let s(a) = -a - 3. What is s(y)?
-7
Let d(i) = i**2 + i - 2. Let t = 0 - 0. Let n be (t - 0)/(-2 - -3). What is d(n)?
-2
Let s(b) = -13*b**3 - 8*b**2 - 6. Let c(w) = w**3 - w + 1. Let a(j) = -6*c(j) - s(j). Let y(x) = 6*x**3 + 7*x**2 + 5*x. Let l(i) = -5*a(i) + 6*y(i). Give l(-1).
1
Let i(x) = -x**3 - 9*x**2 - 8*x + 2. Let n be i(-8). Suppose -n*r = 8, 3*r - r = 3*v - 20. Let t(q) = -q**2 + 6*q - 2. Determine t(v).
6
Let n = 1 - 1. Let p(a) be the second derivative of -a**3/6 - 3*a**2/2 + a. What is p(n)?
-3
Let v = 2 - 4. Let g(i) be the first derivative of -i**5/20 - i**4/12 - i**3/6 + i**2/2 + 5. Let h(s) be the second derivative of g(s). Calculate h(v).
-9
Let l(i) be the first derivative of -i**2/2 - i - 2. Let h(w) = -w**3 - 5*w**2 + 7*w + 11. Let v be h(-6). Calculate l(v).
-6
Let l(x) = 2*x**2 + 7 + 1 + x - 5*x - 3*x**2. Let z be l(-6). Let a(w) = w**2 + 2*w - 4. Determine a(z).
4
Let q(v) = v**3 - 3*v**2 + v + 1. Let s(p) = p**3 + 8*p**2 + 7*p + 4. Let c be s(-7). What is q(c)?
21
Let h be 0 + -1 + 11 + -1. Let p be (4/(-6))/((-3)/h). Let b(x) be the first derivative of x**3/3 + 1. Calculate b(p).
4
Let o(h) = -h**3 + 6*h**2 - 3*h + 7. Suppose 3*g - 6*g = 3*p - 6, 0 = 2*p - 4*g - 28. What is o(p)?
-11
Let f(r) = 0*r**3 - r**3 - 5*r**2 - 51 + 2*r**3 + 4*r + 52. Let z = 7 - 4. Suppose 20 = 4*c, -4*j - 2 = -z*c + 1. Give f(j).
-5
Let d(k) = -3 + 4*k + k**2 - 8*k**2 - 7*k. Let n(w) = -w**2 - w. Let m(y) = -y - 6. Let r be m(-5). Let g(o) = r*d(o) + 6*n(o). Calculate g(4).
7
Suppose 4*g = -4*g - 32. Let f(q) = -q**3 - 3*q**2 + 2*q. Give f(g).
8
Suppose 11 = 3*u + 2*k, -4*u - 15 = 5*k - 39. Let r(p) = -4*p. Determine r(u).
-4
Let r(i) be the second derivative of i**4/12 - 7*i**3/6 + i**2 - i. Let g(n) be the first derivative of r(n). Determine g(5).
3
Let n = -3 + 5. Let a(q) = 51*q - 52*q + n*q**2 - q**2 - 5*q**3. What is a(1)?
-5
Let g = -3 - -6. Let n(h) = -h**2 + 3*h - 24 + 3*h**3 + 23 + h**g - 2*h. Give n(1).
3
Suppose -u + 1 = -0. Let o(f) = 2*f - 5. Let q be o(4). Let i(j) = -j - 2 + q - 8*j. What is i(u)?
-8
Let k = 2 - -2. Let m(q) = q**2 - 7*q - 15. Let i be m(9). Let r(l) = 3*l + i - 4 - 2*l**3 + k*l**2 - 7*l**2 + 3*l**3. Determine r(2).
1
Let h(y) be the first derivative of -y**7/840 + y**6/90 + y**5/60 + y**4/12 - 4*y**3/3 - 2. Let k(v) be the third derivative of h(v). Calculate k(4).
10
Let o be (-1 + 4 - 4)*-7. Let q(s) = -4*s - o*s**2 + 3*s**2 + 2 + 3*s**2. Give q(-3).
5
Let b(x) = -8*x**2 + x. Suppose 2 - 1 = g, 0 = -u - g + 10. Let n = 8 - u. What is b(n)?
-9
Let m = -18 + 14. Let c(a) = -a**2 - 3*a - 2. Give c(m).
-6
Let f = 2 + 3. Let p(r) be the first derivative of r**2 - 5*r - 1. What is p(f)?
5
Suppose -b - 2 = b. Let u = -6 + 3. Let v be 5*b/(3/u). Let p(t) = t - 1. What is p(v)?
4
Let u(j) = j - 1. Let y(x) = -2*x + 1. Let w(p) = 5*u(p) + 2*y(p). What is w(-7)?
-10
Let z(p) be the first derivative of p**3/3 + p**2/2 - 2*p - 1. Let l(h) = -h. Let o be l(-3). Let r be (o - 0)/(-1) + 0. Determine z(r).
4
Suppose 0*g = -2*g - 3*m + 2, 4*m = 0. Let h be 2 + -1 + -1 + g. Let r(b) = -4*b**2 + b - 1. Give r(h).
-4
Let w be 4*(-1 + 2 - 0). Suppose -a - 1 = 0, 0 = -p - 5*a - w + 2. Let h(q) = 1 + 2*q**3 - 2*q**p - q + 3*q**3 - 2*q**3. What is h(1)?
1
Suppose -3*h + 2*h = -12. Let d be (5/3 + -1)*h. Suppose 5*o = 5*l + 30, 3*o - 7*o - 4*l = -d. Let x(g) = -g**3 + 4*g**2 + g. Determine x(o).
4
Let o = -39 - -37. Let k(z) = z**3 + z**2 - 1. What is k(o)?
-5
Let w(l) = 2*l + 1. Let z be (2/(-4))/((-1)/2). Suppose -2*b - 8 - z = c, -10 = 5*b. What is w(c)?
-9
Let q(j) = -10*j + 7*j + 11*j - 2*j**2 - 7. Give q(5).
-17
Let b(x) = x**3 - x**2 - 1. Let i be 1*4*(-4 - -6). Suppose 4*c - c - i = -a, 3*c - 14 = -4*a. Give b(c).
3
Let a(q) = q - 2. Let t = 12 - 7. Calculate a(t).
3
Let i(b) = 4*b**